{"id":12,"date":"2020-04-16T15:41:36","date_gmt":"2020-04-16T13:41:36","guid":{"rendered":"http:\/\/www.brandstaetter-foundation.com\/?page_id=12"},"modified":"2020-12-27T13:17:27","modified_gmt":"2020-12-27T12:17:27","slug":"homie","status":"publish","type":"page","link":"https:\/\/www.brandstaetter-foundation.com\/","title":{"rendered":""},"content":{"rendered":"\n[et_pb_section][et_pb_row][et_pb_column type=&#8220;4_4&#8243;][et_pb_text]<!-- divi:paragraph -->\n<script type=\"text\/javascript\">jQuery(function() { _initLayerSlider( '#layerslider_1_1ud0mi9jspljf', {createdWith: '6.11.1', sliderVersion: '7.14.1', type: 'fullsize', allowFullscreen: true, autoStart: false, startInViewport: false, keybNav: false, touchNav: false, skin: 'v6', sliderFadeInDuration: 350, hoverPrevNext: false, navStartStop: false, navButtons: false, showCircleTimer: false, useSrcset: true, skinsPath: 'https:\/\/www.brandstaetter-foundation.com\/wp-content\/plugins\/LayerSlider\/assets\/static\/layerslider\/skins\/', performanceMode: true, height: 720}); });<\/script><div id=\"layerslider_1_1ud0mi9jspljf\"  class=\"ls-wp-container fitvidsignore ls-selectable\" style=\"width:1280px;height:100vh;margin:0 auto;margin-bottom: 0px;\"><div class=\"ls-slide\" ><img loading=\"lazy\" decoding=\"async\" width=\"1280\" height=\"720\" src=\"https:\/\/www.brandstaetter-foundation.com\/wp-content\/uploads\/2023\/07\/ls-project-1-slide-4.jpg\" class=\"ls-tn\" alt=\"\" srcset=\"https:\/\/www.brandstaetter-foundation.com\/wp-content\/uploads\/2023\/07\/ls-project-1-slide-4.jpg 1280w, https:\/\/www.brandstaetter-foundation.com\/wp-content\/uploads\/2023\/07\/ls-project-1-slide-4-980x551.jpg 980w, https:\/\/www.brandstaetter-foundation.com\/wp-content\/uploads\/2023\/07\/ls-project-1-slide-4-480x270.jpg 480w\" sizes=\"auto, (min-width: 0px) and (max-width: 480px) 480px, (min-width: 481px) and (max-width: 980px) 980px, (min-width: 981px) 1280px, 100vw\" \/><img loading=\"lazy\" decoding=\"async\" width=\"1599\" height=\"1200\" src=\"https:\/\/www.brandstaetter-foundation.com\/wp-content\/uploads\/2024\/10\/IMG-20241005-WA0000.jpg\" class=\"ls-l ls-img-layer\" alt=\"\" srcset=\"https:\/\/www.brandstaetter-foundation.com\/wp-content\/uploads\/2024\/10\/IMG-20241005-WA0000.jpg 1599w, https:\/\/www.brandstaetter-foundation.com\/wp-content\/uploads\/2024\/10\/IMG-20241005-WA0000-1280x961.jpg 1280w, https:\/\/www.brandstaetter-foundation.com\/wp-content\/uploads\/2024\/10\/IMG-20241005-WA0000-980x735.jpg 980w, https:\/\/www.brandstaetter-foundation.com\/wp-content\/uploads\/2024\/10\/IMG-20241005-WA0000-480x360.jpg 480w\" sizes=\"auto, (min-width: 0px) and (max-width: 480px) 480px, (min-width: 481px) and (max-width: 980px) 980px, (min-width: 981px) and (max-width: 1280px) 1280px, (min-width: 1281px) 1599px, 100vw\" style=\"top:156px;left:226px;width:372px;height:279px;\"><a style=\"\" class=\"ls-l\" href=\"http:\/\/www.ratrights.eu\" target=\"_blank\"><img loading=\"lazy\" decoding=\"async\" width=\"988\" height=\"1552\" src=\"https:\/\/www.brandstaetter-foundation.com\/wp-content\/uploads\/2024\/10\/ratrights-Sticker-logo.jpg\" class=\"ls-img-layer\" alt=\"\" srcset=\"https:\/\/www.brandstaetter-foundation.com\/wp-content\/uploads\/2024\/10\/ratrights-Sticker-logo.jpg 988w, https:\/\/www.brandstaetter-foundation.com\/wp-content\/uploads\/2024\/10\/ratrights-Sticker-logo-980x1539.jpg 980w, https:\/\/www.brandstaetter-foundation.com\/wp-content\/uploads\/2024\/10\/ratrights-Sticker-logo-480x754.jpg 480w\" sizes=\"auto, (min-width: 0px) and (max-width: 480px) 480px, (min-width: 481px) and (max-width: 980px) 980px, (min-width: 981px) 988px, 100vw\" style=\"width:178px;height:280px;top:155px;left:598px;\"><\/a><a style=\"\" class=\"ls-l\" href=\"http:\/\/www.doora.at\" target=\"_self\"><img loading=\"lazy\" decoding=\"async\" width=\"522\" height=\"139\" src=\"https:\/\/www.brandstaetter-foundation.com\/wp-content\/uploads\/2024\/10\/doora-logo.png\" class=\"ls-img-layer\" alt=\"\" srcset=\"https:\/\/www.brandstaetter-foundation.com\/wp-content\/uploads\/2024\/10\/doora-logo.png 522w, https:\/\/www.brandstaetter-foundation.com\/wp-content\/uploads\/2024\/10\/doora-logo-480x128.png 480w\" sizes=\"auto, (min-width: 0px) and (max-width: 480px) 480px, (min-width: 481px) 522px, 100vw\" style=\"top:435px;left:225px;width:551px;height:148px;\"><\/a><\/div><div class=\"ls-slide\" ><img loading=\"lazy\" decoding=\"async\" width=\"1280\" height=\"720\" src=\"https:\/\/www.brandstaetter-foundation.com\/wp-content\/uploads\/2023\/07\/ls-project-1-slide-5.jpg\" class=\"ls-tn\" alt=\"\" srcset=\"https:\/\/www.brandstaetter-foundation.com\/wp-content\/uploads\/2023\/07\/ls-project-1-slide-5.jpg 1280w, https:\/\/www.brandstaetter-foundation.com\/wp-content\/uploads\/2023\/07\/ls-project-1-slide-5-980x551.jpg 980w, https:\/\/www.brandstaetter-foundation.com\/wp-content\/uploads\/2023\/07\/ls-project-1-slide-5-480x270.jpg 480w\" sizes=\"auto, (min-width: 0px) and (max-width: 480px) 480px, (min-width: 481px) and (max-width: 980px) 980px, (min-width: 981px) 1280px, 100vw\" \/><ls-layer style=\"font-size:20px;overflow:visible;top:90px;left:414px;\" class=\"ls-l ls-text-layer\" data-ls-actions='[{\"action\":\"prevSlide\",\"trigger\":\"click\",\"delay\":0}]'>DOORA ist ein eingetragener Verein, der 2022 von <br>\nKris Lemsalu, Helene Baur und Thomas Brandstaetter <br>\ngegr\u00fcndet wurde.<br>\nDer vollst\u00e4ndige Name des Vereins \u201ezur Errichtung <br>\nvon Kunstwerken im Au\u00dfenraum\u201c l\u00e4sst den Sinn und <br>\nZweck der Arbeitgemeinschaft erahnen.<br>\nDOORA erarbeitet Einreichungen und Wettbewerbs-<br>\nteilnahmen f\u00fcr Kunst im \u00d6ffentlichen Raum und betreut <br>\nalle Produktionsabl\u00e4ufe. <br>\nSeinen Namen verdankt der Verein seiner ersten <br>\nProduktion, der Skulptur Doora von Kris Lemsalu, <br>\ndie gemeinsam mit der K\u00d6RN\u00d6 und der Stadt Melk <br>\nim Mai 2022 am Melker Hafenspitz errichtet wurde.<br>\nIm August 2023 produzierte DOORA  auf Einladung <br>\nder K\u00d6R Wien die Skulptur \u201eGo To Heaven\u201c von <br>\nKris Lemsalu im Rahmen von \u201eKunst am Graben\u201c.<br>\nF\u00fcr das Tangente-Festival St.P\u00f6lten leitete DOORA <br>\ndie Produktion der Skulptur des Schweizer K\u00fcnstlers <br>\nChristian Phillip M\u00fcller f\u00fcr den Domplatz St.P\u00f6lten.<br>\nZwischen 2022 und 2023 produzierte DOORA drei <br>\nWettbewerbsteilnahmen bei K\u00d6R N\u00d6 und K\u00d6R Wien, <br>\nvon denen ein Projekt als Gewinner hervorging und <br>\nproduziert wurde.<\/ls-layer><\/div><\/div>\n<!-- \/divi:paragraph -->[\/et_pb_text][\/et_pb_column][\/et_pb_row][\/et_pb_section]\n","protected":false},"excerpt":{"rendered":"","protected":false},"author":1,"featured_media":0,"parent":0,"menu_order":0,"comment_status":"closed","ping_status":"closed","template":"","meta":{"_et_pb_use_builder":"on","_et_pb_old_content":"<!-- wp:paragraph -->\n<p>[layerslider id=\"1\"]<\/p>\n<!-- \/wp:paragraph -->","_et_gb_content_width":"","footnotes":""},"class_list":["post-12","page","type-page","status-publish","hentry"],"_links":{"self":[{"href":"https:\/\/www.brandstaetter-foundation.com\/index.php?rest_route=\/wp\/v2\/pages\/12","targetHints":{"allow":["GET"]}}],"collection":[{"href":"https:\/\/www.brandstaetter-foundation.com\/index.php?rest_route=\/wp\/v2\/pages"}],"about":[{"href":"https:\/\/www.brandstaetter-foundation.com\/index.php?rest_route=\/wp\/v2\/types\/page"}],"author":[{"embeddable":true,"href":"https:\/\/www.brandstaetter-foundation.com\/index.php?rest_route=\/wp\/v2\/users\/1"}],"replies":[{"embeddable":true,"href":"https:\/\/www.brandstaetter-foundation.com\/index.php?rest_route=%2Fwp%2Fv2%2Fcomments&post=12"}],"version-history":[{"count":4,"href":"https:\/\/www.brandstaetter-foundation.com\/index.php?rest_route=\/wp\/v2\/pages\/12\/revisions"}],"predecessor-version":[{"id":83,"href":"https:\/\/www.brandstaetter-foundation.com\/index.php?rest_route=\/wp\/v2\/pages\/12\/revisions\/83"}],"wp:attachment":[{"href":"https:\/\/www.brandstaetter-foundation.com\/index.php?rest_route=%2Fwp%2Fv2%2Fmedia&parent=12"}],"curies":[{"name":"wp","href":"https:\/\/api.w.org\/{rel}","templated":true}]}}